{"id":26368,"date":"2026-01-10T11:41:28","date_gmt":"2026-01-10T14:41:28","guid":{"rendered":"https:\/\/farmaciaschilespa.cl\/?post_type=product&#038;p=26368"},"modified":"2026-03-19T22:08:15","modified_gmt":"2026-03-20T01:08:15","slug":"grelix-dnf-10-sachet-x-30","status":"publish","type":"product","link":"https:\/\/farmaciaschilespa.cl\/index.php\/producto\/grelix-dnf-10-sachet-x-30\/","title":{"rendered":"GRELIX DNF-10 SACHET X 30"},"content":{"rendered":"<p><span data-huuid=\"9235511051082225920\">Grelix\u00a0<mark class=\"QVRyCf\">es un suplemento alimenticio en polvo, con p\u00e9ptidos de Saccharomyces cerevisiae (DNF-10) y fibra, dise\u00f1ado para ayudar a personas con sobrepeso a controlar el apetito, especialmente por carbohidratos, y a reducir la ingesta cal\u00f3rica, apoyando la p\u00e9rdida de peso y grasa abdominal<\/mark>.\u00a0<\/span><span data-huuid=\"9235511051082227195\">Se disuelve en agua fr\u00eda y se toma una porci\u00f3n diaria, unos 30 minutos antes de una comida principal, siendo libre de grasa, az\u00facar y lactosa.<\/span><\/p>\n","protected":false},"excerpt":{"rendered":"<p>Cada sachet contiene 500mg de DNF-10 P\u00e9ptidos de Saccharomyces cerevisiae<\/p>\n","protected":false},"featured_media":26369,"template":"","meta":{"_acf_changed":false},"product_brand":[],"product_cat":[1989,1992,1988,1646,1820],"product_tag":[],"class_list":{"0":"post-26368","1":"product","2":"type-product","3":"status-publish","4":"has-post-thumbnail","6":"product_cat-suplementos-y-naturales","7":"product_cat-test","8":"product_cat-venta-directa-otc","9":"product_cat-venta-directa","10":"product_cat-vitaminas-y-suplemento","12":"first","13":"instock","14":"sale","15":"shipping-taxable","16":"purchasable","17":"product-type-simple"},"acf":[],"_links":{"self":[{"href":"https:\/\/farmaciaschilespa.cl\/index.php\/wp-json\/wp\/v2\/product\/26368","targetHints":{"allow":["GET"]}}],"collection":[{"href":"https:\/\/farmaciaschilespa.cl\/index.php\/wp-json\/wp\/v2\/product"}],"about":[{"href":"https:\/\/farmaciaschilespa.cl\/index.php\/wp-json\/wp\/v2\/types\/product"}],"wp:featuredmedia":[{"embeddable":true,"href":"https:\/\/farmaciaschilespa.cl\/index.php\/wp-json\/wp\/v2\/media\/26369"}],"wp:attachment":[{"href":"https:\/\/farmaciaschilespa.cl\/index.php\/wp-json\/wp\/v2\/media?parent=26368"}],"wp:term":[{"taxonomy":"product_brand","embeddable":true,"href":"https:\/\/farmaciaschilespa.cl\/index.php\/wp-json\/wp\/v2\/product_brand?post=26368"},{"taxonomy":"product_cat","embeddable":true,"href":"https:\/\/farmaciaschilespa.cl\/index.php\/wp-json\/wp\/v2\/product_cat?post=26368"},{"taxonomy":"product_tag","embeddable":true,"href":"https:\/\/farmaciaschilespa.cl\/index.php\/wp-json\/wp\/v2\/product_tag?post=26368"}],"curies":[{"name":"wp","href":"https:\/\/api.w.org\/{rel}","templated":true}]}}