{"id":20193,"date":"2022-12-30T14:40:30","date_gmt":"2022-12-30T17:40:30","guid":{"rendered":"https:\/\/farmaciaschilespa.cl\/index.php\/producto\/bioflora-250-mg-x-10-capsulas\/"},"modified":"2026-04-15T10:07:42","modified_gmt":"2026-04-15T14:07:42","slug":"bioflora-250-mg-x-10-capsulas","status":"publish","type":"product","link":"https:\/\/farmaciaschilespa.cl\/index.php\/producto\/bioflora-250-mg-x-10-capsulas\/","title":{"rendered":"BIOFLORA 250 MG X 10 CAPSULAS"},"content":{"rendered":"<p>Posolog\u00eda<br \/>\nAdultos y ni\u00f1os: como dosis general, 250 mg cada 12 horas, sin embargo si la diarrea es de gran cuant\u00eda podr\u00e1 aumentarse la dosis. Presentaciones: Bioflora sobres: envase conteniendo 6 sobres.<\/p>\n<p>Precauciones y advertencias<br \/>\nSi la diarrea persiste m\u00e1s de 2 d\u00edas o aparece sangre en las heces o fiebre, se debe evaluar.<\/p>\n","protected":false},"excerpt":{"rendered":"<p>Cada c\u00e1psula contiene: Saccharomyces Boulardii 250 mg (correspondiente a 5.107 &#8211; 5.1011 c\u00e9lulas vivas).<\/p>\n","protected":false},"featured_media":20162,"template":"","meta":{"_acf_changed":false},"product_brand":[],"product_cat":[1920,1646,15],"product_tag":[],"class_list":{"0":"post-20193","1":"product","2":"type-product","3":"status-publish","4":"has-post-thumbnail","6":"product_cat-marca","7":"product_cat-venta-directa","8":"product_cat-medicamentos","9":"pa_aviso-legal-descripcion","10":"pa_sub-categoria-laboratorio-maver","12":"first","13":"instock","14":"sale","15":"shipping-taxable","16":"purchasable","17":"product-type-simple"},"acf":[],"_links":{"self":[{"href":"https:\/\/farmaciaschilespa.cl\/index.php\/wp-json\/wp\/v2\/product\/20193","targetHints":{"allow":["GET"]}}],"collection":[{"href":"https:\/\/farmaciaschilespa.cl\/index.php\/wp-json\/wp\/v2\/product"}],"about":[{"href":"https:\/\/farmaciaschilespa.cl\/index.php\/wp-json\/wp\/v2\/types\/product"}],"wp:featuredmedia":[{"embeddable":true,"href":"https:\/\/farmaciaschilespa.cl\/index.php\/wp-json\/wp\/v2\/media\/20162"}],"wp:attachment":[{"href":"https:\/\/farmaciaschilespa.cl\/index.php\/wp-json\/wp\/v2\/media?parent=20193"}],"wp:term":[{"taxonomy":"product_brand","embeddable":true,"href":"https:\/\/farmaciaschilespa.cl\/index.php\/wp-json\/wp\/v2\/product_brand?post=20193"},{"taxonomy":"product_cat","embeddable":true,"href":"https:\/\/farmaciaschilespa.cl\/index.php\/wp-json\/wp\/v2\/product_cat?post=20193"},{"taxonomy":"product_tag","embeddable":true,"href":"https:\/\/farmaciaschilespa.cl\/index.php\/wp-json\/wp\/v2\/product_tag?post=20193"}],"curies":[{"name":"wp","href":"https:\/\/api.w.org\/{rel}","templated":true}]}}