{"id":20186,"date":"2022-12-30T14:39:52","date_gmt":"2022-12-30T17:39:52","guid":{"rendered":"https:\/\/farmaciaschilespa.cl\/index.php\/producto\/tapsin-periodo-12-comprimidos\/"},"modified":"2026-05-05T10:10:30","modified_gmt":"2026-05-05T14:10:30","slug":"tapsin-periodo-12-comprimidos","status":"publish","type":"product","link":"https:\/\/farmaciaschilespa.cl\/index.php\/producto\/tapsin-periodo-12-comprimidos\/","title":{"rendered":"TAPSIN PERIODO 12 COMPRIMIDOS"},"content":{"rendered":"<p>Posolog\u00eda<br \/>\nPara el s\u00edndrome premenstrual comenzar 2 a 5 d\u00edas antes de la menstruaci\u00f3n y continuar hasta el t\u00e9rmino de las molestias; la dosis es de un comprimido cada 8 horas. Durante la menstruaci\u00f3n se recomienda una dosis inicial de 2 comprimidos y luego seguir con un comprimido 2 a 3 veces al d\u00eda.<\/p>\n<p>Precauciones y advertencias<br \/>\nDurante el periodo menstrual se recomiendan 2 comprimidos al inicio y luego continuar con 1 comprimido cada 8 horas hasta el alivio de las molestias. Nunca sobrepase los 4 gramos de paracetamol al d\u00eda.<\/p>\n","protected":false},"excerpt":{"rendered":"<p>Cada comprimido contiene: paracetamol 500mg, pamabr\u00f3n 25mg, pirilamina maleato 15mg, excipientes cs<\/p>\n","protected":false},"featured_media":20157,"template":"","meta":{"_acf_changed":false},"product_brand":[],"product_cat":[1920,1646,15],"product_tag":[],"class_list":{"0":"post-20186","1":"product","2":"type-product","3":"status-publish","4":"has-post-thumbnail","6":"product_cat-marca","7":"product_cat-venta-directa","8":"product_cat-medicamentos","9":"pa_aviso-legal-descripcion","10":"pa_sub-categoria-laboratorio-maver","12":"first","13":"instock","14":"sale","15":"shipping-taxable","16":"purchasable","17":"product-type-simple"},"acf":[],"_links":{"self":[{"href":"https:\/\/farmaciaschilespa.cl\/index.php\/wp-json\/wp\/v2\/product\/20186","targetHints":{"allow":["GET"]}}],"collection":[{"href":"https:\/\/farmaciaschilespa.cl\/index.php\/wp-json\/wp\/v2\/product"}],"about":[{"href":"https:\/\/farmaciaschilespa.cl\/index.php\/wp-json\/wp\/v2\/types\/product"}],"wp:featuredmedia":[{"embeddable":true,"href":"https:\/\/farmaciaschilespa.cl\/index.php\/wp-json\/wp\/v2\/media\/20157"}],"wp:attachment":[{"href":"https:\/\/farmaciaschilespa.cl\/index.php\/wp-json\/wp\/v2\/media?parent=20186"}],"wp:term":[{"taxonomy":"product_brand","embeddable":true,"href":"https:\/\/farmaciaschilespa.cl\/index.php\/wp-json\/wp\/v2\/product_brand?post=20186"},{"taxonomy":"product_cat","embeddable":true,"href":"https:\/\/farmaciaschilespa.cl\/index.php\/wp-json\/wp\/v2\/product_cat?post=20186"},{"taxonomy":"product_tag","embeddable":true,"href":"https:\/\/farmaciaschilespa.cl\/index.php\/wp-json\/wp\/v2\/product_tag?post=20186"}],"curies":[{"name":"wp","href":"https:\/\/api.w.org\/{rel}","templated":true}]}}