{"id":20178,"date":"2022-12-30T14:39:11","date_gmt":"2022-12-30T17:39:11","guid":{"rendered":"https:\/\/farmaciaschilespa.cl\/index.php\/producto\/proctogel-crema-30-gramos\/"},"modified":"2026-04-29T10:22:46","modified_gmt":"2026-04-29T14:22:46","slug":"proctogel-crema-30-gramos","status":"publish","type":"product","link":"https:\/\/farmaciaschilespa.cl\/index.php\/producto\/proctogel-crema-30-gramos\/","title":{"rendered":"PROCTOGEL CREMA 30 GRAMOS"},"content":{"rendered":"<p>Posolog\u00eda<br \/>\nCrema: al principio del tratamiento aplicar la crema 2 veces al d\u00eda, por la ma\u00f1ana y por la noche, luego aplicar s\u00f3lo 1 dosis diaria en la noche durante 15 d\u00edas.<\/p>\n<p>Precauciones y advertencias<br \/>\nSe recomienda no contenerse cuando se sienta necesidad de ir al lavabo y evitar el uso de laxantes sin indicaci\u00f3n m\u00e9dica, ya que pueden producir dolor de barriga y diarrea, lo que empeorar\u00eda la enfermedad hemorroidal.<\/p>\n","protected":false},"excerpt":{"rendered":"<p>Cada 100 g contiene: Triben\u00f3sido 5 g; Lidoca\u00edna Clorhidrato 2 g<\/p>\n","protected":false},"featured_media":20151,"template":"","meta":{"_acf_changed":false},"product_brand":[],"product_cat":[1920,1646,15],"product_tag":[],"class_list":{"0":"post-20178","1":"product","2":"type-product","3":"status-publish","4":"has-post-thumbnail","6":"product_cat-marca","7":"product_cat-venta-directa","8":"product_cat-medicamentos","9":"pa_aviso-legal-descripcion","10":"pa_sub-categoria-laboratorio-maver","12":"first","13":"instock","14":"sale","15":"shipping-taxable","16":"purchasable","17":"product-type-simple"},"acf":[],"_links":{"self":[{"href":"https:\/\/farmaciaschilespa.cl\/index.php\/wp-json\/wp\/v2\/product\/20178","targetHints":{"allow":["GET"]}}],"collection":[{"href":"https:\/\/farmaciaschilespa.cl\/index.php\/wp-json\/wp\/v2\/product"}],"about":[{"href":"https:\/\/farmaciaschilespa.cl\/index.php\/wp-json\/wp\/v2\/types\/product"}],"wp:featuredmedia":[{"embeddable":true,"href":"https:\/\/farmaciaschilespa.cl\/index.php\/wp-json\/wp\/v2\/media\/20151"}],"wp:attachment":[{"href":"https:\/\/farmaciaschilespa.cl\/index.php\/wp-json\/wp\/v2\/media?parent=20178"}],"wp:term":[{"taxonomy":"product_brand","embeddable":true,"href":"https:\/\/farmaciaschilespa.cl\/index.php\/wp-json\/wp\/v2\/product_brand?post=20178"},{"taxonomy":"product_cat","embeddable":true,"href":"https:\/\/farmaciaschilespa.cl\/index.php\/wp-json\/wp\/v2\/product_cat?post=20178"},{"taxonomy":"product_tag","embeddable":true,"href":"https:\/\/farmaciaschilespa.cl\/index.php\/wp-json\/wp\/v2\/product_tag?post=20178"}],"curies":[{"name":"wp","href":"https:\/\/api.w.org\/{rel}","templated":true}]}}