{"id":20041,"date":"2022-12-28T18:09:46","date_gmt":"2022-12-28T21:09:46","guid":{"rendered":"https:\/\/farmaciaschilespa.cl\/index.php\/producto\/diclac-gel-x-60-gramos\/"},"modified":"2026-05-05T10:06:38","modified_gmt":"2026-05-05T14:06:38","slug":"diclac-gel-x-60-gramos","status":"publish","type":"product","link":"https:\/\/farmaciaschilespa.cl\/index.php\/producto\/diclac-gel-x-60-gramos\/","title":{"rendered":"DICLAC GEL  X 60 GRAMOS"},"content":{"rendered":"<p>Posolog\u00eda<br \/>\nGel y emulsi\u00f3n: aplicar 2-4 g (5-10 cm)\/3-4 veces al d\u00eda, o una fina capa\/3-4 veces al d\u00eda, con ligero masaje.<\/p>\n<p>Precauciones y advertencias<br \/>\nNo aplicar sobre heridas abiertas cortantes o quemaduras. No debe usar AINEs con excepci\u00f3n de \u00e1cido acetilsalic\u00edlico en el per\u00edodo inmediato a una cirug\u00eda de by pass coronario. Precauciones: No utilizar en mujeres embarazadas y durante la lactancia salvo indicaci\u00f3n m\u00e9dica. No utilizar en menores de 15 a\u00f1os.<\/p>\n","protected":false},"excerpt":{"rendered":"<p>Cada 100 g de gel al 1% contiene: Diclofenaco Dietilamina 1.16 g (equivalente a 1 g de Diclofenaco S\u00f3dico)<\/p>\n","protected":false},"featured_media":19928,"template":"","meta":{"_acf_changed":false},"product_brand":[],"product_cat":[1920,1646,15],"product_tag":[],"class_list":{"0":"post-20041","1":"product","2":"type-product","3":"status-publish","4":"has-post-thumbnail","6":"product_cat-marca","7":"product_cat-venta-directa","8":"product_cat-medicamentos","9":"pa_aviso-legal-descripcion","10":"pa_sub-categoria-laboratorio-eurofarma","12":"first","13":"instock","14":"sale","15":"shipping-taxable","16":"purchasable","17":"product-type-simple"},"acf":[],"_links":{"self":[{"href":"https:\/\/farmaciaschilespa.cl\/index.php\/wp-json\/wp\/v2\/product\/20041","targetHints":{"allow":["GET"]}}],"collection":[{"href":"https:\/\/farmaciaschilespa.cl\/index.php\/wp-json\/wp\/v2\/product"}],"about":[{"href":"https:\/\/farmaciaschilespa.cl\/index.php\/wp-json\/wp\/v2\/types\/product"}],"wp:featuredmedia":[{"embeddable":true,"href":"https:\/\/farmaciaschilespa.cl\/index.php\/wp-json\/wp\/v2\/media\/19928"}],"wp:attachment":[{"href":"https:\/\/farmaciaschilespa.cl\/index.php\/wp-json\/wp\/v2\/media?parent=20041"}],"wp:term":[{"taxonomy":"product_brand","embeddable":true,"href":"https:\/\/farmaciaschilespa.cl\/index.php\/wp-json\/wp\/v2\/product_brand?post=20041"},{"taxonomy":"product_cat","embeddable":true,"href":"https:\/\/farmaciaschilespa.cl\/index.php\/wp-json\/wp\/v2\/product_cat?post=20041"},{"taxonomy":"product_tag","embeddable":true,"href":"https:\/\/farmaciaschilespa.cl\/index.php\/wp-json\/wp\/v2\/product_tag?post=20041"}],"curies":[{"name":"wp","href":"https:\/\/api.w.org\/{rel}","templated":true}]}}