{"id":19888,"date":"2022-11-29T11:53:14","date_gmt":"2022-11-29T14:53:14","guid":{"rendered":"https:\/\/farmaciaschilespa.cl\/index.php\/producto\/bion-3-senior-30-comprimidos\/"},"modified":"2026-05-12T13:20:13","modified_gmt":"2026-05-12T17:20:13","slug":"bion-3-senior-30-comprimidos","status":"publish","type":"product","link":"https:\/\/farmaciaschilespa.cl\/index.php\/producto\/bion-3-senior-30-comprimidos\/","title":{"rendered":"BION 3 SENIOR 30 COMPRIMIDOS"},"content":{"rendered":"<p>Posolog\u00eda<br \/>\nSe recomienda tomar un comprimido recubierto de Bion3 Senior al d\u00eda con agua. Esta presentaci\u00f3n contiene 30 comprimidos recubiertos.<\/p>\n<p>Precauciones<br \/>\nEl uso simult\u00e1neo con otros productos que contengan vitamina A debe ser evitado. Uso con cuidado en pacientes con da\u00f1o renal severo debido al contenido de vitamina A en el producto (riesgo de aumento de los niveles en los tejidos debido a una alteraci\u00f3n en el mecanismo de clearance renal).<\/p>\n","protected":false},"excerpt":{"rendered":"<p>La f\u00f3rmula de Bion3 Senior tiene 12 Vitaminas, 10 Minerales, Gingseng y una asociaci\u00f3n exclusiva de 3 cepas Probi\u00f3ticas de Bion3 Senior reconocida como Tri-Bion Harmonis.<\/p>\n","protected":false},"featured_media":19864,"template":"","meta":{"_acf_changed":false},"product_brand":[],"product_cat":[1920,1646,15],"product_tag":[],"class_list":{"0":"post-19888","1":"product","2":"type-product","3":"status-publish","4":"has-post-thumbnail","6":"product_cat-marca","7":"product_cat-venta-directa","8":"product_cat-medicamentos","9":"pa_aviso-legal-descripcion","10":"pa_sub-categoria-laboratorio-merck","12":"first","13":"outofstock","14":"sale","15":"shipping-taxable","16":"purchasable","17":"product-type-simple"},"acf":[],"_links":{"self":[{"href":"https:\/\/farmaciaschilespa.cl\/index.php\/wp-json\/wp\/v2\/product\/19888","targetHints":{"allow":["GET"]}}],"collection":[{"href":"https:\/\/farmaciaschilespa.cl\/index.php\/wp-json\/wp\/v2\/product"}],"about":[{"href":"https:\/\/farmaciaschilespa.cl\/index.php\/wp-json\/wp\/v2\/types\/product"}],"wp:featuredmedia":[{"embeddable":true,"href":"https:\/\/farmaciaschilespa.cl\/index.php\/wp-json\/wp\/v2\/media\/19864"}],"wp:attachment":[{"href":"https:\/\/farmaciaschilespa.cl\/index.php\/wp-json\/wp\/v2\/media?parent=19888"}],"wp:term":[{"taxonomy":"product_brand","embeddable":true,"href":"https:\/\/farmaciaschilespa.cl\/index.php\/wp-json\/wp\/v2\/product_brand?post=19888"},{"taxonomy":"product_cat","embeddable":true,"href":"https:\/\/farmaciaschilespa.cl\/index.php\/wp-json\/wp\/v2\/product_cat?post=19888"},{"taxonomy":"product_tag","embeddable":true,"href":"https:\/\/farmaciaschilespa.cl\/index.php\/wp-json\/wp\/v2\/product_tag?post=19888"}],"curies":[{"name":"wp","href":"https:\/\/api.w.org\/{rel}","templated":true}]}}