{"id":19290,"date":"2022-10-19T17:22:41","date_gmt":"2022-10-19T20:22:41","guid":{"rendered":"https:\/\/farmaciaschilespa.cl\/index.php\/producto\/aloe-lax-x-50-capsulas\/"},"modified":"2026-04-02T09:28:52","modified_gmt":"2026-04-02T12:28:52","slug":"aloe-lax-x-50-capsulas","status":"publish","type":"product","link":"https:\/\/farmaciaschilespa.cl\/index.php\/producto\/aloe-lax-x-50-capsulas\/","title":{"rendered":"ALOE LAX X 50 CAPSULAS"},"content":{"rendered":"<p>Posolog\u00eda<br \/>\n1 a 2 c\u00e1psulas al acostarse<\/p>\n<p>Precauciones<br \/>\nEste medicamento no debe ser administrado en menores de 12 a\u00f1os, embarazadas y mujeres en per\u00edodos de lactancia. Dentro de sus efectos adversos se encuentran n\u00e1useas, v\u00f3mitos, diarrea, p\u00e9rdida de la funci\u00f3n normal del intestino cuando se usa excesivamente, dolor abdominal, entre otros.<\/p>\n","protected":false},"excerpt":{"rendered":"<p>Cada c\u00e1psula contiene Aloe Polvo 130 mg, Linaza Semilla 130 mg<\/p>\n","protected":false},"featured_media":19263,"template":"","meta":{"_acf_changed":false},"product_brand":[],"product_cat":[1920,1646,15],"product_tag":[],"class_list":{"0":"post-19290","1":"product","2":"type-product","3":"status-publish","4":"has-post-thumbnail","6":"product_cat-marca","7":"product_cat-venta-directa","8":"product_cat-medicamentos","9":"pa_aviso-legal-descripcion","10":"pa_sub-categoria-laboratorio-knop","12":"first","13":"outofstock","14":"sale","15":"shipping-taxable","16":"purchasable","17":"product-type-simple"},"acf":[],"_links":{"self":[{"href":"https:\/\/farmaciaschilespa.cl\/index.php\/wp-json\/wp\/v2\/product\/19290","targetHints":{"allow":["GET"]}}],"collection":[{"href":"https:\/\/farmaciaschilespa.cl\/index.php\/wp-json\/wp\/v2\/product"}],"about":[{"href":"https:\/\/farmaciaschilespa.cl\/index.php\/wp-json\/wp\/v2\/types\/product"}],"wp:featuredmedia":[{"embeddable":true,"href":"https:\/\/farmaciaschilespa.cl\/index.php\/wp-json\/wp\/v2\/media\/19263"}],"wp:attachment":[{"href":"https:\/\/farmaciaschilespa.cl\/index.php\/wp-json\/wp\/v2\/media?parent=19290"}],"wp:term":[{"taxonomy":"product_brand","embeddable":true,"href":"https:\/\/farmaciaschilespa.cl\/index.php\/wp-json\/wp\/v2\/product_brand?post=19290"},{"taxonomy":"product_cat","embeddable":true,"href":"https:\/\/farmaciaschilespa.cl\/index.php\/wp-json\/wp\/v2\/product_cat?post=19290"},{"taxonomy":"product_tag","embeddable":true,"href":"https:\/\/farmaciaschilespa.cl\/index.php\/wp-json\/wp\/v2\/product_tag?post=19290"}],"curies":[{"name":"wp","href":"https:\/\/api.w.org\/{rel}","templated":true}]}}