{"id":19289,"date":"2022-10-19T17:22:36","date_gmt":"2022-10-19T20:22:36","guid":{"rendered":"https:\/\/farmaciaschilespa.cl\/index.php\/producto\/variplex-x-60-comprimidos\/"},"modified":"2026-05-12T13:24:47","modified_gmt":"2026-05-12T17:24:47","slug":"variplex-x-60-comprimidos","status":"publish","type":"product","link":"https:\/\/farmaciaschilespa.cl\/index.php\/producto\/variplex-x-60-comprimidos\/","title":{"rendered":"VARIPLEX X 60 COMPRIMIDOS"},"content":{"rendered":"<p>Posolog\u00eda<br \/>\n1 comprimido tres veces al d\u00eda<\/p>\n<p>Precauciones<br \/>\nNo usar si existen antecedentes de alergia o hipersensibilidad al principio activo (Casta\u00f1o de Indias). Est\u00e1 contraindicado en ni\u00f1os menores de 12 a\u00f1os. No se recomienda su uso durante el embarazo y la lactancia sin indicaci\u00f3n m\u00e9dica.<\/p>\n","protected":false},"excerpt":{"rendered":"<p>Cada comprimido contiene:<br \/>\nCasta\u00f1o de India T.M 0.14 ml<br \/>\nBursa Pastoris T.M 0.14 ml<br \/>\nMillefolium T.M. 0.02 ml<br \/>\nDestilado Hamamelis 0.06 ml.<\/p>\n","protected":false},"featured_media":19262,"template":"","meta":{"_acf_changed":false},"product_brand":[],"product_cat":[1920,1646,15],"product_tag":[],"class_list":{"0":"post-19289","1":"product","2":"type-product","3":"status-publish","4":"has-post-thumbnail","6":"product_cat-marca","7":"product_cat-venta-directa","8":"product_cat-medicamentos","9":"pa_aviso-legal-descripcion","10":"pa_sub-categoria-laboratorio-knop","12":"first","13":"instock","14":"sale","15":"shipping-taxable","16":"purchasable","17":"product-type-simple"},"acf":[],"_links":{"self":[{"href":"https:\/\/farmaciaschilespa.cl\/index.php\/wp-json\/wp\/v2\/product\/19289","targetHints":{"allow":["GET"]}}],"collection":[{"href":"https:\/\/farmaciaschilespa.cl\/index.php\/wp-json\/wp\/v2\/product"}],"about":[{"href":"https:\/\/farmaciaschilespa.cl\/index.php\/wp-json\/wp\/v2\/types\/product"}],"wp:featuredmedia":[{"embeddable":true,"href":"https:\/\/farmaciaschilespa.cl\/index.php\/wp-json\/wp\/v2\/media\/19262"}],"wp:attachment":[{"href":"https:\/\/farmaciaschilespa.cl\/index.php\/wp-json\/wp\/v2\/media?parent=19289"}],"wp:term":[{"taxonomy":"product_brand","embeddable":true,"href":"https:\/\/farmaciaschilespa.cl\/index.php\/wp-json\/wp\/v2\/product_brand?post=19289"},{"taxonomy":"product_cat","embeddable":true,"href":"https:\/\/farmaciaschilespa.cl\/index.php\/wp-json\/wp\/v2\/product_cat?post=19289"},{"taxonomy":"product_tag","embeddable":true,"href":"https:\/\/farmaciaschilespa.cl\/index.php\/wp-json\/wp\/v2\/product_tag?post=19289"}],"curies":[{"name":"wp","href":"https:\/\/api.w.org\/{rel}","templated":true}]}}