{"id":19218,"date":"2022-10-18T15:31:02","date_gmt":"2022-10-18T18:31:02","guid":{"rendered":"https:\/\/farmaciaschilespa.cl\/index.php\/producto\/canesten-crema-1-x-20-gramos\/"},"modified":"2026-05-05T10:05:46","modified_gmt":"2026-05-05T14:05:46","slug":"canesten-crema-1-x-20-gramos","status":"publish","type":"product","link":"https:\/\/farmaciaschilespa.cl\/index.php\/producto\/canesten-crema-1-x-20-gramos\/","title":{"rendered":"CANESTEN CREMA 1% X 20 GRAMOS"},"content":{"rendered":"<p>Posolog\u00eda:<br \/>\nAplicar una delgada capa en el \u00e1rea afectada 2 veces al d\u00eda. La duraci\u00f3n del tratamiento es por lo general de 4 semanas y depende de la localizaci\u00f3n y extensi\u00f3n de la lesi\u00f3n. En general se aconseja: Dermatomicosis: 3 a 4 semanas; Pitiriasis versicolor: 1 a 3 semanas.<\/p>\n<p>Precauciones<br \/>\nEvitar el contacto con los ojos. Solo para uso externo. Mantener el medicamento fuera del alcance de los ni\u00f1os. No tragar. En caso de ingesti\u00f3n accidental, contacte inmediatamente a su m\u00e9dico.<\/p>\n","protected":false},"excerpt":{"rendered":"<p>Cada 100 gramos de crema contiene:<br \/>\nClotrimazol 1,00 gramos<\/p>\n","protected":false},"featured_media":19232,"template":"","meta":{"_acf_changed":false},"product_brand":[],"product_cat":[1920,1646,15],"product_tag":[],"class_list":{"0":"post-19218","1":"product","2":"type-product","3":"status-publish","4":"has-post-thumbnail","6":"product_cat-marca","7":"product_cat-venta-directa","8":"product_cat-medicamentos","9":"pa_aviso-legal-descripcion","10":"pa_sub-categoria-laboratorio-bayer","12":"first","13":"outofstock","14":"sale","15":"shipping-taxable","16":"purchasable","17":"product-type-simple"},"acf":[],"_links":{"self":[{"href":"https:\/\/farmaciaschilespa.cl\/index.php\/wp-json\/wp\/v2\/product\/19218","targetHints":{"allow":["GET"]}}],"collection":[{"href":"https:\/\/farmaciaschilespa.cl\/index.php\/wp-json\/wp\/v2\/product"}],"about":[{"href":"https:\/\/farmaciaschilespa.cl\/index.php\/wp-json\/wp\/v2\/types\/product"}],"wp:featuredmedia":[{"embeddable":true,"href":"https:\/\/farmaciaschilespa.cl\/index.php\/wp-json\/wp\/v2\/media\/19232"}],"wp:attachment":[{"href":"https:\/\/farmaciaschilespa.cl\/index.php\/wp-json\/wp\/v2\/media?parent=19218"}],"wp:term":[{"taxonomy":"product_brand","embeddable":true,"href":"https:\/\/farmaciaschilespa.cl\/index.php\/wp-json\/wp\/v2\/product_brand?post=19218"},{"taxonomy":"product_cat","embeddable":true,"href":"https:\/\/farmaciaschilespa.cl\/index.php\/wp-json\/wp\/v2\/product_cat?post=19218"},{"taxonomy":"product_tag","embeddable":true,"href":"https:\/\/farmaciaschilespa.cl\/index.php\/wp-json\/wp\/v2\/product_tag?post=19218"}],"curies":[{"name":"wp","href":"https:\/\/api.w.org\/{rel}","templated":true}]}}