{"id":19117,"date":"2022-10-14T16:52:15","date_gmt":"2022-10-14T19:52:15","guid":{"rendered":"https:\/\/farmaciaschilespa.cl\/index.php\/producto\/kitadol-jarabe-120mg-5ml-x-120-ml\/"},"modified":"2026-04-29T10:21:28","modified_gmt":"2026-04-29T14:21:28","slug":"kitadol-jarabe-120mg-5ml-x-120-ml","status":"publish","type":"product","link":"https:\/\/farmaciaschilespa.cl\/index.php\/producto\/kitadol-jarabe-120mg-5ml-x-120-ml\/","title":{"rendered":"KITADOL JARABE 120MG\/5ML X 120 ML"},"content":{"rendered":"<p>Posolog\u00eda<\/p>\n<p>V\u00eda oral. Medir la dosis con la jeringa dosificadora.<\/p>\n<p>La dosis a administrar en ni\u00f1os es por kilo de peso corporal, 10 a 15 mg (0,4 a 0,6 mL) por kilo de peso, la que debe ser administrada hasta 4 veces al d\u00eda, con una dosis m\u00e1xima diaria de 60 mg por kilo de peso, no se deben sobrepasar las dosis m\u00e1ximas diarias (en 24 horas), indicadas a continuaci\u00f3n:<\/p>\n<p>\u2013 2 a 4 a\u00f1os: Dosis m\u00e1xima diaria de 720 mg<\/p>\n<p>\u2013 4 a 6 a\u00f1os: Dosis m\u00e1xima diaria de 960 mg<\/p>\n<p>\u2013 6 a 9 a\u00f1os: Dosis m\u00e1xima diaria de 1.260 mg<\/p>\n<p>\u2013 9 a 11 a\u00f1os: Dosis m\u00e1xima diaria de 1.740 mg<\/p>\n<p>\u2013 11 a 12 a\u00f1os: Dosis m\u00e1xima diaria de 2.160 mg<\/p>\n<p>La dosis para ni\u00f1os menores de 2 a\u00f1os, debe ser consultada con el m\u00e9dico.<\/p>\n<p>Precauciones<\/p>\n<p>No administrar por m\u00e1s de 5 d\u00edas, en caso de dolor, por m\u00e1s de 3 d\u00edas en caso de fiebre o por m\u00e1s de 2 d\u00edas en caso de dolor de garganta sin consultar al m\u00e9dico.<\/p>\n<p>El uso prolongado y de altas dosis de paracetamol, puede provocar severo da\u00f1o hep\u00e1tico.<\/p>\n","protected":false},"excerpt":{"rendered":"<p>Cada 5 ml de soluci\u00f3n oral contiene:<br \/>\nParacetamol 120 mg<\/p>\n","protected":false},"featured_media":19058,"template":"","meta":{"_acf_changed":false},"product_brand":[],"product_cat":[1920,1646,15],"product_tag":[],"class_list":{"0":"post-19117","1":"product","2":"type-product","3":"status-publish","4":"has-post-thumbnail","6":"product_cat-marca","7":"product_cat-venta-directa","8":"product_cat-medicamentos","9":"pa_aviso-legal-descripcion","10":"pa_sub-categoria-laboratorio-chile","12":"first","13":"instock","14":"sale","15":"shipping-taxable","16":"purchasable","17":"product-type-simple"},"acf":[],"_links":{"self":[{"href":"https:\/\/farmaciaschilespa.cl\/index.php\/wp-json\/wp\/v2\/product\/19117","targetHints":{"allow":["GET"]}}],"collection":[{"href":"https:\/\/farmaciaschilespa.cl\/index.php\/wp-json\/wp\/v2\/product"}],"about":[{"href":"https:\/\/farmaciaschilespa.cl\/index.php\/wp-json\/wp\/v2\/types\/product"}],"wp:featuredmedia":[{"embeddable":true,"href":"https:\/\/farmaciaschilespa.cl\/index.php\/wp-json\/wp\/v2\/media\/19058"}],"wp:attachment":[{"href":"https:\/\/farmaciaschilespa.cl\/index.php\/wp-json\/wp\/v2\/media?parent=19117"}],"wp:term":[{"taxonomy":"product_brand","embeddable":true,"href":"https:\/\/farmaciaschilespa.cl\/index.php\/wp-json\/wp\/v2\/product_brand?post=19117"},{"taxonomy":"product_cat","embeddable":true,"href":"https:\/\/farmaciaschilespa.cl\/index.php\/wp-json\/wp\/v2\/product_cat?post=19117"},{"taxonomy":"product_tag","embeddable":true,"href":"https:\/\/farmaciaschilespa.cl\/index.php\/wp-json\/wp\/v2\/product_tag?post=19117"}],"curies":[{"name":"wp","href":"https:\/\/api.w.org\/{rel}","templated":true}]}}