{"id":18247,"date":"2022-09-21T17:49:34","date_gmt":"2022-09-21T20:49:34","guid":{"rendered":"https:\/\/farmaciaschilespa.cl\/index.php\/producto\/muno-start-polvo-x-30-sobres\/"},"modified":"2026-04-02T09:34:06","modified_gmt":"2026-04-02T12:34:06","slug":"muno-start-polvo-x-30-sobres","status":"publish","type":"product","link":"https:\/\/farmaciaschilespa.cl\/index.php\/producto\/muno-start-polvo-x-30-sobres\/","title":{"rendered":"MUNO START POLVO X 30 SOBRES"},"content":{"rendered":"<p>Posolog\u00eda<br \/>\nDosis habitual: 1 sobre al d\u00eda.<\/p>\n<p>Efectos Colaterales<br \/>\nSin reacciones adversas documentadas a nivel mundial.<\/p>\n<p>Contraindicaciones<br \/>\nNo consumir en estado de embarazo o lactancia sin indicaci\u00f3n m\u00e9dica. No consumir si presenta alergia a cualquiera de los componentes de la f\u00f3rmula.<\/p>\n","protected":false},"excerpt":{"rendered":"<p>Caja contiene 30 sobres<\/p>\n","protected":false},"featured_media":18240,"template":"","meta":{"_acf_changed":false},"product_brand":[],"product_cat":[1646,1820],"product_tag":[],"class_list":{"0":"post-18247","1":"product","2":"type-product","3":"status-publish","4":"has-post-thumbnail","6":"product_cat-venta-directa","7":"product_cat-vitaminas-y-suplemento","8":"pa_aviso-legal-descripcion","9":"pa_sub-categoria-laboratorio-suplementos-y-naturales","11":"first","12":"outofstock","13":"sale","14":"shipping-taxable","15":"purchasable","16":"product-type-simple"},"acf":[],"_links":{"self":[{"href":"https:\/\/farmaciaschilespa.cl\/index.php\/wp-json\/wp\/v2\/product\/18247","targetHints":{"allow":["GET"]}}],"collection":[{"href":"https:\/\/farmaciaschilespa.cl\/index.php\/wp-json\/wp\/v2\/product"}],"about":[{"href":"https:\/\/farmaciaschilespa.cl\/index.php\/wp-json\/wp\/v2\/types\/product"}],"wp:featuredmedia":[{"embeddable":true,"href":"https:\/\/farmaciaschilespa.cl\/index.php\/wp-json\/wp\/v2\/media\/18240"}],"wp:attachment":[{"href":"https:\/\/farmaciaschilespa.cl\/index.php\/wp-json\/wp\/v2\/media?parent=18247"}],"wp:term":[{"taxonomy":"product_brand","embeddable":true,"href":"https:\/\/farmaciaschilespa.cl\/index.php\/wp-json\/wp\/v2\/product_brand?post=18247"},{"taxonomy":"product_cat","embeddable":true,"href":"https:\/\/farmaciaschilespa.cl\/index.php\/wp-json\/wp\/v2\/product_cat?post=18247"},{"taxonomy":"product_tag","embeddable":true,"href":"https:\/\/farmaciaschilespa.cl\/index.php\/wp-json\/wp\/v2\/product_tag?post=18247"}],"curies":[{"name":"wp","href":"https:\/\/api.w.org\/{rel}","templated":true}]}}