{"id":17928,"date":"2022-09-09T17:42:54","date_gmt":"2022-09-09T21:42:54","guid":{"rendered":"https:\/\/farmaciaschilespa.cl\/index.php\/producto\/memorex-60-capsulas\/"},"modified":"2026-04-14T11:19:32","modified_gmt":"2026-04-14T15:19:32","slug":"memorex-60-capsulas","status":"publish","type":"product","link":"https:\/\/farmaciaschilespa.cl\/index.php\/producto\/memorex-60-capsulas\/","title":{"rendered":"MEMOREX 60 CAPSULAS"},"content":{"rendered":"","protected":false},"excerpt":{"rendered":"<p>Composici\u00f3n: Cada c\u00e1psula contiene: \u00c1cido Gama-Aminobut\u00edrico (GABA) 0.250 g; \u00c1cido Gama-Aminobetahidroxibut\u00edrico (GABOB) 0.025 g; Acetilglutamina 0.025 g; Clorhidrato de Piridoxina (Vitamina B6) 0.025 g. Indicaciones: Reactivador neurocerebral.<\/p>\n","protected":false},"featured_media":17882,"template":"","meta":{"_acf_changed":false},"product_brand":[],"product_cat":[1920,1647,15],"product_tag":[],"class_list":{"0":"post-17928","1":"product","2":"type-product","3":"status-publish","4":"has-post-thumbnail","6":"product_cat-marca","7":"product_cat-receta-simple","8":"product_cat-medicamentos","9":"pa_aviso-legal-descripcion","10":"pa_sub-categoria-laboratorio-abbott","12":"first","13":"outofstock","14":"shipping-taxable","15":"purchasable","16":"product-type-simple"},"acf":[],"_links":{"self":[{"href":"https:\/\/farmaciaschilespa.cl\/index.php\/wp-json\/wp\/v2\/product\/17928","targetHints":{"allow":["GET"]}}],"collection":[{"href":"https:\/\/farmaciaschilespa.cl\/index.php\/wp-json\/wp\/v2\/product"}],"about":[{"href":"https:\/\/farmaciaschilespa.cl\/index.php\/wp-json\/wp\/v2\/types\/product"}],"wp:featuredmedia":[{"embeddable":true,"href":"https:\/\/farmaciaschilespa.cl\/index.php\/wp-json\/wp\/v2\/media\/17882"}],"wp:attachment":[{"href":"https:\/\/farmaciaschilespa.cl\/index.php\/wp-json\/wp\/v2\/media?parent=17928"}],"wp:term":[{"taxonomy":"product_brand","embeddable":true,"href":"https:\/\/farmaciaschilespa.cl\/index.php\/wp-json\/wp\/v2\/product_brand?post=17928"},{"taxonomy":"product_cat","embeddable":true,"href":"https:\/\/farmaciaschilespa.cl\/index.php\/wp-json\/wp\/v2\/product_cat?post=17928"},{"taxonomy":"product_tag","embeddable":true,"href":"https:\/\/farmaciaschilespa.cl\/index.php\/wp-json\/wp\/v2\/product_tag?post=17928"}],"curies":[{"name":"wp","href":"https:\/\/api.w.org\/{rel}","templated":true}]}}