{"id":9380,"date":"2021-04-21T22:32:24","date_gmt":"2021-04-22T02:32:24","guid":{"rendered":"http:\/\/vielva.clics.cl\/?page_id=9380"},"modified":"2022-11-21T15:51:13","modified_gmt":"2022-11-21T18:51:13","slug":"terminos-y-condiciones","status":"publish","type":"page","link":"https:\/\/farmaciaschilespa.cl\/index.php\/terminos-y-condiciones\/","title":{"rendered":"T\u00e9rminos y condiciones"},"content":{"rendered":"<section class=\"l-section wpb_row us_custom_4edece6e height_custom\"><div class=\"l-section-h i-cf\"><div class=\"g-cols vc_row type_default valign_top\"><div class=\"vc_col-sm-12 wpb_column vc_column_container\"><div class=\"vc_column-inner\"><div class=\"wpb_wrapper\"><div class=\"wpb_text_column\" ><div class=\"wpb_wrapper\"><p><strong>DECLARACI\u00d3N\u00a0Y ACEPTACI\u00d3N<\/strong><\/p>\n<p>T\u00e9rminos y Condiciones se aplican a quienes, voluntariamente, accedan, usen, visiten y efect\u00faen cualquier transacci\u00f3n en el portal de FARMACIAS CHILE SPA. El acceso al Portal, su utilizaci\u00f3n y transacciones efectuadas en \u00e9l o a trav\u00e9s de \u00e9l implica la aceptaci\u00f3n de los t\u00e9rminos y condiciones aqu\u00ed descritos.<\/p>\n<p>Esta p\u00e1gina contiene los T\u00e9rminos y Condiciones. Por favor lea estos T\u00e9rminos y Condiciones cuidadosamente antes de realizar alguna orden por nuestros productos. El cliente debe comprender que al ordenar cualquiera de nuestros productos acepta estar de acuerdo con estos T\u00e9rminos y Condiciones.<\/p>\n<p><strong>PROTECCI\u00d3N\u00a0DE DATOS PERSONALES<\/strong><\/p>\n<p>FARMACIAS CHILE SPA, no podemos controlar ni garantizar la ausencia de virus en los servicios prestados por terceros, que puedan producir alteraciones en su sistema inform\u00e1tico.<\/p>\n<p>Los datos personales proporcionados por el usuario ser\u00e1n utilizados para procesar la compra, coordinar y efectuar el despacho de los productos adquiridos. El cliente tiene derecho a consultar sobre toda informaci\u00f3n de s\u00ed mismo que la tienda tenga almacenada en sus registros. El cliente tiene el derecho de pedir que se borre o corrija cualquier tipo de informaci\u00f3n almacenada sobre s\u00ed mismo. Al aceptar nuestros T\u00e9rminos y Condiciones, el cliente acepta todo lo anterior. Adicionalmente, los datos podr\u00e1n ser utilizados internamente por FARMACIAS CHILE SPA para el env\u00edo de campa\u00f1as y publicidad, con fines estad\u00edsticos y para obtener perfiles de usuario que permitan mejorar nuestros productos y servicios ofrecidos en el Sitio.<\/p>\n<p>Toda informaci\u00f3n pertinente a las tarjetas utilizadas es cifrada por SSL y no es almacenada de ninguna manera.<\/p>\n<p><strong>MEDIOS DE PAGO<\/strong><\/p>\n<p>Las transacciones que se efect\u00faen en el Portal deber\u00e1n ser efectuadas a de la plataforma Mercado Pago (Transbank Webpay) o mediante transferencia electr\u00f3nica, utilizando para ellos los siguientes medios de pago:<\/p>\n<p>Tarjetas de Cr\u00e9dito VISA, MasterCard, Magna, American Express y Diners emitidas en Chile, CC Banco BCI FARMACIAS CHILE SPA.<\/p>\n<p><strong>DISPENSACI\u00d3N\u00a0DE PRODUCTOS<\/strong><\/p>\n<p>La dispensaci\u00f3n de productos farmac\u00e9uticos se har\u00e1 bajo la condici\u00f3n de venta estipulada en el registro ISP de cada producto, o bajo la condici\u00f3n de venta dispuesta por la autoridad sanitaria.<\/p>\n<p>Las condiciones de venta corresponden a:<br \/>Venta Directa<br \/>Receta Simple<br \/>Receta Retenida<br \/>Receta Cheque<\/p>\n<p><strong>DESPACHO Y ENTREGA<\/strong><\/p>\n<p>Hemos desarrollado alternativas de entrega mediante la modalidad de despacho a domicilio\u00a0<a href=\"http:\/\/farmaciaschile.srtv.cl\/index.php\/terminos-y-condiciones\/#tabla_costos\">a<\/a> trav\u00e9s de Blue Express o retiro en tienda.<\/p>\n<p><strong>MODALIDAD DE DESPACHO A DOMICILIO:<\/strong>\u00a0Se consideran d\u00edas h\u00e1biles de despacho de lunes a viernes, excluyendo feriados.<\/p>\n<p>Las compras realizadas despu\u00e9s de las 19:00 Horas se considerar\u00e1n, como pedido efectuado el d\u00eda h\u00e1bil siguiente de confirmada la compra.<\/p>\n<p>La fechas y horarios de entrega son efectivos luego de aprobada la confirmaci\u00f3n de compra.<\/p>\n<p><strong>MODALIDAD DE RETIRO EN FARMACIA:<\/strong>\u00a0El usuario visualizar\u00e1 esta modalidad dependiendo de la condici\u00f3n de venta, stock del producto, y disponibilidad de locales con esta modalidad.<\/p>\n<p><strong>Excepciones:<\/strong>\u00a0Eventos fuera del poder o control de la tienda, los cuales no son razonablemente previsibles, ser\u00e1n considerados de fuerza mayor, entendi\u00e9ndose por esto que la tienda no se encontrar\u00e1 en posici\u00f3n de cumplir con los acuerdos contractuales. Ejemplos de tales eventos son la acci\u00f3n u omisi\u00f3n del gobierno, legislaci\u00f3n nueva o cambiada, conflictos, embargos, incendios o inundaciones, sabotaje, accidentes, guerra, desastres naturales, huelgas o falta de reposici\u00f3n por parte de los proveedores, ni interrupciones del servicio de despacho por terceros. La fuerza mayor tambi\u00e9n incluye decisiones del gobierno que afecten negativamente al mercado y a los productos, por ejemplo, restricciones, anulaciones, etc.<\/p>\n<p>La tienda tiene derecho a cancelar la compra y realizar un reembolso sobre el importe pagado por el cliente de la manera m\u00e1s conveniente para el primero. El vendedor tambi\u00e9n deber\u00e1 notificar al cliente en caso de tener productos equivalentes para reemplazar el agotado, si es que \u00e9stos existiesen.<\/p>\n<p><strong>POL\u00cdTICA DE PRECIOS<\/strong><\/p>\n<p>Los precios de los productos exhibidos en la p\u00e1gina web son exclusivamente para venta online, y no necesariamente representan los precios ni el stock de los productos que sean adquiridos presencialmente en una de nuestras sucursales. Para mayor informaci\u00f3n respecto a precios en cada sucursal, contactarla directamente por uno de nuestros canales.<\/p>\n<p><strong>CONDICIONES DE\u00a0DEVOLUCI\u00d3N<\/strong><\/p>\n<p>Si bien la empresa se acoge a la garant\u00eda legal establecida en la Ley N\u00ba19.496, la cual establece un plazo de noventa d\u00edas de protecci\u00f3n del derecho del consumidor desde la recepci\u00f3n de los productos adquiridos, hay excepciones para algunos productos farmac\u00e9uticos que se describen a continuaci\u00f3n:<\/p>\n<ul>\n<li>Ning\u00fan producto sujeto a control legal, es decir, productos estupefacientes o psicotr\u00f3picos establecidos en los decretos 404 y 405 de la ley chilena, tendr\u00e1 derecho a cambio o devoluci\u00f3n. Estos productos no pueden ser adquiridos a trav\u00e9s de la p\u00e1gina, solamente puede adquirirse directamente en la farmacia.<\/li>\n<li>Los productos sujetos a condiciones de almacenamiento especiales, como lo son los que deben tener control de temperatura entre 2\u00b0C y 8\u00b0C, solo ser\u00e1n exhibidos y no podr\u00e1n adquirirse a trav\u00e9s de la p\u00e1gina de comercio electr\u00f3nico de la farmacia.<\/li>\n<\/ul>\n<p>Los pasos a seguir para solicitar un cambio o devoluci\u00f3n se describen a continuaci\u00f3n:<\/p>\n<ul>\n<li>Comunicarte con nuestro Centro de Atenci\u00f3n al Cliente al mail: contacto@farmaciaschilespa.cl o en cualquiera de nuestras sucursales para indicar el proceso de devoluci\u00f3n.<\/li>\n<li>Ten a mano el n\u00famero de pedido y llenar la ficha de devoluci\u00f3n.\u00a0<a href=\"https:\/\/farmaciaschilespa.cl\/wp-content\/uploads\/2022\/06\/Ficha_Devolucion.pdf\">Ver ficha<\/a><\/li>\n<li>Una vez recepcionado en nuestra bodega, se pondr\u00e1 en cuarentena, para luego pasar al \u00e1rea de control de calidad, lo cual tomar\u00e1 5 d\u00edas h\u00e1biles y daremos respuesta a tu solicitud.<\/li>\n<li>Si no cumple con los controles de calidad, el producto ser\u00e1 devuelto al remitente.<\/li>\n<\/ul>\n<p><strong>COOKIES<\/strong><\/p>\n<p>Nuestra tienda online utiliza cookies de acuerdo a las nuevas normativas del \u00faltimo ECPA. Una cookie es un peque\u00f1o documento de texto que se guarda en la computadora del cliente y contiene informaci\u00f3n que ayuda a nuestra tienda online a identificar y hacer un seguimiento de nuestros clientes. Las cookies no da\u00f1an la computadora del cliente, consiste solamente de texto, no puede contener virus y, virtualmente, no ocupa espacio en el disco r\u00edgido del cliente. Para utilizar de una manera conveniente nuestra tienda online, el cliente necesita tener las cookies habilitadas. En nuestra tienda online utilizamos este tipo de archivos para llevar un seguimiento de las compras que el cliente efect\u00fae y crear estad\u00edsticas de las mismas. La informaci\u00f3n guardada en la computadora del cliente es de tipo \u00fanico y no tiene ninguna conexi\u00f3n a la informaci\u00f3n personal del mismo.<\/p>\n<\/div><\/div><\/div><\/div><\/div><\/div><\/div><\/section><section class=\"l-section wpb_row us_custom_4edece6e height_custom\"><div class=\"l-section-h i-cf\"><div class=\"g-cols vc_row type_default valign_top\"><div class=\"vc_col-sm-12 wpb_column vc_column_container\"><div class=\"vc_column-inner\"><div class=\"wpb_wrapper\">[vc_raw_html]JTNDYSUyMGlkJTNEJTIyZmljaGFfZGV2b2x1Y2lvbl9wcm9kdWN0byUyMiUzRSUzQyUyRmElM0U=[\/vc_raw_html]<div class=\"wpb_text_column\" ><div class=\"wpb_wrapper\"><h4><u>Ficha devoluci\u00f3n de productos.<\/u><\/h4>\n<p>La ficha en formato pdf se encuentra para su descarga en el siguiente <a href=\"\/wp-content\/uploads\/2022\/06\/Ficha_Devolucion.pdf\">link<\/a><\/p>\n<\/div><\/div>[vc_raw_html]JTVCcGRmanMtdmlld2VyJTIwdXJsJTNEJTJGd3AtY29udGVudCUyRnVwbG9hZHMlMkYyMDIyJTJGMDYlMkZGaWNoYV9EZXZvbHVjaW9uLnBkZiUyMHZpZXdlcl93aWR0aCUzRDEwMCUyNSUyMHZpZXdlcl9oZWlnaHQlM0Q1MDBweCUyMGZ1bGxzY3JlZW4lM0R0cnVlJTIwZG93bmxvYWQlM0R0cnVlJTIwcHJpbnQlM0R0cnVlJTVE[\/vc_raw_html]<\/div><\/div><\/div><\/div><\/div><\/section>","protected":false},"excerpt":{"rendered":"DECLARACI\u00d3N\u00a0Y ACEPTACI\u00d3N T\u00e9rminos y Condiciones se aplican a quienes, voluntariamente, accedan, usen, visiten y efect\u00faen cualquier transacci\u00f3n en el portal de FARMACIAS CHILE SPA. El acceso al Portal, su utilizaci\u00f3n y transacciones efectuadas en \u00e9l o a trav\u00e9s de \u00e9l implica la aceptaci\u00f3n de los t\u00e9rminos y condiciones aqu\u00ed descritos. Esta p\u00e1gina contiene los T\u00e9rminos...","protected":false},"author":7,"featured_media":0,"parent":0,"menu_order":0,"comment_status":"closed","ping_status":"closed","template":"","meta":{"_acf_changed":false,"footnotes":""},"class_list":["post-9380","page","type-page","status-publish","hentry"],"acf":[],"_links":{"self":[{"href":"https:\/\/farmaciaschilespa.cl\/index.php\/wp-json\/wp\/v2\/pages\/9380","targetHints":{"allow":["GET"]}}],"collection":[{"href":"https:\/\/farmaciaschilespa.cl\/index.php\/wp-json\/wp\/v2\/pages"}],"about":[{"href":"https:\/\/farmaciaschilespa.cl\/index.php\/wp-json\/wp\/v2\/types\/page"}],"author":[{"embeddable":true,"href":"https:\/\/farmaciaschilespa.cl\/index.php\/wp-json\/wp\/v2\/users\/7"}],"replies":[{"embeddable":true,"href":"https:\/\/farmaciaschilespa.cl\/index.php\/wp-json\/wp\/v2\/comments?post=9380"}],"version-history":[{"count":32,"href":"https:\/\/farmaciaschilespa.cl\/index.php\/wp-json\/wp\/v2\/pages\/9380\/revisions"}],"predecessor-version":[{"id":19561,"href":"https:\/\/farmaciaschilespa.cl\/index.php\/wp-json\/wp\/v2\/pages\/9380\/revisions\/19561"}],"wp:attachment":[{"href":"https:\/\/farmaciaschilespa.cl\/index.php\/wp-json\/wp\/v2\/media?parent=9380"}],"curies":[{"name":"wp","href":"https:\/\/api.w.org\/{rel}","templated":true}]}}